{"id":155,"date":"2024-02-21T19:31:48","date_gmt":"2024-02-21T19:31:48","guid":{"rendered":"https:\/\/bindi.websolutionsmx.com\/?post_type=product&#038;p=155"},"modified":"2024-02-21T19:32:48","modified_gmt":"2024-02-21T19:32:48","slug":"corteza-de-canela-plus","status":"publish","type":"product","link":"https:\/\/bindi.websolutionsmx.com\/index.php\/producto\/corteza-de-canela-plus\/","title":{"rendered":"Corteza de Canela Plus"},"content":{"rendered":"<p>Poderoso Antibacterial, antiviral,antimic\u00f3tico,  antiinflamatorio, anticoagulante. Digestivo.<br \/>\nUse en: \u00falceras, verrugas, piquetes de insectos.  infecciones virales, diabetes, \u00falceras, sangrado de enc\u00edas<br \/>\nEvite uso en embarazadas y personas que toman anticoagulante. T\u00f3pico e inhalado, altamente irritante<\/p>\n","protected":false},"excerpt":{"rendered":"<p>Sabor y aroma picante<br \/>\nEn la cocina, uso t\u00f3pico diluido<br \/>\nRiqueza y Prosperidad<br \/>\n5 ml<\/p>\n","protected":false},"featured_media":186,"comment_status":"open","ping_status":"closed","template":"","meta":[],"product_cat":[22],"product_tag":[],"class_list":{"0":"post-155","1":"product","2":"type-product","3":"status-publish","4":"has-post-thumbnail","6":"product_cat-aromaterapia-young-living","8":"first","9":"instock","10":"shipping-taxable","11":"purchasable","12":"product-type-simple"},"_links":{"self":[{"href":"https:\/\/bindi.websolutionsmx.com\/index.php\/wp-json\/wp\/v2\/product\/155","targetHints":{"allow":["GET"]}}],"collection":[{"href":"https:\/\/bindi.websolutionsmx.com\/index.php\/wp-json\/wp\/v2\/product"}],"about":[{"href":"https:\/\/bindi.websolutionsmx.com\/index.php\/wp-json\/wp\/v2\/types\/product"}],"replies":[{"embeddable":true,"href":"https:\/\/bindi.websolutionsmx.com\/index.php\/wp-json\/wp\/v2\/comments?post=155"}],"wp:featuredmedia":[{"embeddable":true,"href":"https:\/\/bindi.websolutionsmx.com\/index.php\/wp-json\/wp\/v2\/media\/186"}],"wp:attachment":[{"href":"https:\/\/bindi.websolutionsmx.com\/index.php\/wp-json\/wp\/v2\/media?parent=155"}],"wp:term":[{"taxonomy":"product_cat","embeddable":true,"href":"https:\/\/bindi.websolutionsmx.com\/index.php\/wp-json\/wp\/v2\/product_cat?post=155"},{"taxonomy":"product_tag","embeddable":true,"href":"https:\/\/bindi.websolutionsmx.com\/index.php\/wp-json\/wp\/v2\/product_tag?post=155"}],"curies":[{"name":"wp","href":"https:\/\/api.w.org\/{rel}","templated":true}]}}