{"id":156,"date":"2024-02-21T19:31:49","date_gmt":"2024-02-21T19:31:49","guid":{"rendered":"https:\/\/bindi.websolutionsmx.com\/?post_type=product&#038;p=156"},"modified":"2024-02-21T19:32:51","modified_gmt":"2024-02-21T19:32:51","slug":"a-e-caraway-o-alcaraveacomino-de-prado","status":"publish","type":"product","link":"https:\/\/bindi.websolutionsmx.com\/index.php\/producto\/a-e-caraway-o-alcaraveacomino-de-prado\/","title":{"rendered":"A.E. Caraway o Alcaravea\n(Comino de prado)"},"content":{"rendered":"<p>Digestivo, antiparas\u00edtico, antimicrobial, antioxidante. Expectorante. Estimula; sistema urinario, sist. circulatorio, y sistema inmunol\u00f3gico<br \/>\nUsos en: c\u00f3licos, colitis, indigesti\u00f3n, gases, diarrea, colon irritable. Programas control peso. Infecciones v\u00edas respiratorias<\/p>\n","protected":false},"excerpt":{"rendered":"<p>Arom\u00e1tico y digestivo sabor. muy usado en cocina alemana y austriaca<br \/>\n5 ml<\/p>\n","protected":false},"featured_media":187,"comment_status":"open","ping_status":"closed","template":"","meta":[],"product_cat":[22],"product_tag":[],"class_list":{"0":"post-156","1":"product","2":"type-product","3":"status-publish","4":"has-post-thumbnail","6":"product_cat-aromaterapia-young-living","8":"first","9":"instock","10":"shipping-taxable","11":"purchasable","12":"product-type-simple"},"_links":{"self":[{"href":"https:\/\/bindi.websolutionsmx.com\/index.php\/wp-json\/wp\/v2\/product\/156","targetHints":{"allow":["GET"]}}],"collection":[{"href":"https:\/\/bindi.websolutionsmx.com\/index.php\/wp-json\/wp\/v2\/product"}],"about":[{"href":"https:\/\/bindi.websolutionsmx.com\/index.php\/wp-json\/wp\/v2\/types\/product"}],"replies":[{"embeddable":true,"href":"https:\/\/bindi.websolutionsmx.com\/index.php\/wp-json\/wp\/v2\/comments?post=156"}],"wp:featuredmedia":[{"embeddable":true,"href":"https:\/\/bindi.websolutionsmx.com\/index.php\/wp-json\/wp\/v2\/media\/187"}],"wp:attachment":[{"href":"https:\/\/bindi.websolutionsmx.com\/index.php\/wp-json\/wp\/v2\/media?parent=156"}],"wp:term":[{"taxonomy":"product_cat","embeddable":true,"href":"https:\/\/bindi.websolutionsmx.com\/index.php\/wp-json\/wp\/v2\/product_cat?post=156"},{"taxonomy":"product_tag","embeddable":true,"href":"https:\/\/bindi.websolutionsmx.com\/index.php\/wp-json\/wp\/v2\/product_tag?post=156"}],"curies":[{"name":"wp","href":"https:\/\/api.w.org\/{rel}","templated":true}]}}