{"id":160,"date":"2024-02-21T19:31:49","date_gmt":"2024-02-21T19:31:49","guid":{"rendered":"https:\/\/bindi.websolutionsmx.com\/?post_type=product&#038;p=160"},"modified":"2024-02-21T19:33:04","modified_gmt":"2024-02-21T19:33:04","slug":"a-e-clary-sagesalvia-sclareaevite-uso-en-embarazo-y-en-ninos","status":"publish","type":"product","link":"https:\/\/bindi.websolutionsmx.com\/index.php\/producto\/a-e-clary-sagesalvia-sclareaevite-uso-en-embarazo-y-en-ninos\/","title":{"rendered":"A.E. Clary Sage\n(Salvia sclarea)\n\nEvite uso en embarazo y en ni\u00f1os"},"content":{"rendered":"<p>Anticonvulsivo, anticoagulante, antioxidante, antif\u00fangico, antiespasm\u00f3dico, antitumoral, anest\u00e9sico. Calma en ansiedad y depresi\u00f3n<br \/>\nUsado en: desequilibrios hormonales femeninos, infertilidad, SMP, sudores nocturnos, insomnio, lubricaci\u00f3n vaginal.<br \/>\n Problemas circulatorios, colesterol, epilepsia<\/p>\n","protected":false},"excerpt":{"rendered":"<p>De intenso aroma Herbal, da un toque especial a los guisos,<br \/>\n Un excelente aliado para la mujer<br \/>\n5 ml<\/p>\n","protected":false},"featured_media":191,"comment_status":"open","ping_status":"closed","template":"","meta":[],"product_cat":[22],"product_tag":[],"class_list":{"0":"post-160","1":"product","2":"type-product","3":"status-publish","4":"has-post-thumbnail","6":"product_cat-aromaterapia-young-living","8":"first","9":"instock","10":"shipping-taxable","11":"purchasable","12":"product-type-simple"},"_links":{"self":[{"href":"https:\/\/bindi.websolutionsmx.com\/index.php\/wp-json\/wp\/v2\/product\/160","targetHints":{"allow":["GET"]}}],"collection":[{"href":"https:\/\/bindi.websolutionsmx.com\/index.php\/wp-json\/wp\/v2\/product"}],"about":[{"href":"https:\/\/bindi.websolutionsmx.com\/index.php\/wp-json\/wp\/v2\/types\/product"}],"replies":[{"embeddable":true,"href":"https:\/\/bindi.websolutionsmx.com\/index.php\/wp-json\/wp\/v2\/comments?post=160"}],"wp:featuredmedia":[{"embeddable":true,"href":"https:\/\/bindi.websolutionsmx.com\/index.php\/wp-json\/wp\/v2\/media\/191"}],"wp:attachment":[{"href":"https:\/\/bindi.websolutionsmx.com\/index.php\/wp-json\/wp\/v2\/media?parent=160"}],"wp:term":[{"taxonomy":"product_cat","embeddable":true,"href":"https:\/\/bindi.websolutionsmx.com\/index.php\/wp-json\/wp\/v2\/product_cat?post=160"},{"taxonomy":"product_tag","embeddable":true,"href":"https:\/\/bindi.websolutionsmx.com\/index.php\/wp-json\/wp\/v2\/product_tag?post=160"}],"curies":[{"name":"wp","href":"https:\/\/api.w.org\/{rel}","templated":true}]}}