{"id":162,"date":"2024-02-21T19:31:49","date_gmt":"2024-02-21T19:31:49","guid":{"rendered":"https:\/\/bindi.websolutionsmx.com\/?post_type=product&#038;p=162"},"modified":"2024-02-21T19:33:09","modified_gmt":"2024-02-21T19:33:09","slug":"copaiba","status":"publish","type":"product","link":"https:\/\/bindi.websolutionsmx.com\/index.php\/producto\/copaiba\/","title":{"rendered":"Copaiba"},"content":{"rendered":"<p>Antiinflamatorio, antis\u00e9ptico, analg\u00e9sico, expectorante, anti\u00falcera. Sedante del sistema nervioso<br \/>\nUsado en:Unicomicosis y pie de atleta. Problemas respiratorios: sinusitis, bronquitis, garganta<br \/>\nArtritis, reumatismo, ci\u00e1tica, golpes, dolor<\/p>\n","protected":false},"excerpt":{"rendered":"<p>Un excelente potenciador en cualquier sinergia<br \/>\n15 ml<\/p>\n","protected":false},"featured_media":193,"comment_status":"open","ping_status":"closed","template":"","meta":[],"product_cat":[22],"product_tag":[],"class_list":{"0":"post-162","1":"product","2":"type-product","3":"status-publish","4":"has-post-thumbnail","6":"product_cat-aromaterapia-young-living","8":"first","9":"instock","10":"shipping-taxable","11":"purchasable","12":"product-type-simple"},"_links":{"self":[{"href":"https:\/\/bindi.websolutionsmx.com\/index.php\/wp-json\/wp\/v2\/product\/162","targetHints":{"allow":["GET"]}}],"collection":[{"href":"https:\/\/bindi.websolutionsmx.com\/index.php\/wp-json\/wp\/v2\/product"}],"about":[{"href":"https:\/\/bindi.websolutionsmx.com\/index.php\/wp-json\/wp\/v2\/types\/product"}],"replies":[{"embeddable":true,"href":"https:\/\/bindi.websolutionsmx.com\/index.php\/wp-json\/wp\/v2\/comments?post=162"}],"wp:featuredmedia":[{"embeddable":true,"href":"https:\/\/bindi.websolutionsmx.com\/index.php\/wp-json\/wp\/v2\/media\/193"}],"wp:attachment":[{"href":"https:\/\/bindi.websolutionsmx.com\/index.php\/wp-json\/wp\/v2\/media?parent=162"}],"wp:term":[{"taxonomy":"product_cat","embeddable":true,"href":"https:\/\/bindi.websolutionsmx.com\/index.php\/wp-json\/wp\/v2\/product_cat?post=162"},{"taxonomy":"product_tag","embeddable":true,"href":"https:\/\/bindi.websolutionsmx.com\/index.php\/wp-json\/wp\/v2\/product_tag?post=162"}],"curies":[{"name":"wp","href":"https:\/\/api.w.org\/{rel}","templated":true}]}}